t a(n) = -2*n + 11*n - 4*n + 2*n**2 - 5 - 4 + 6. Suppose 2*y = -p, -4 = -4*y + 4. Calculate a(p).
9
Let w(a) = -3*a**2 - 22*a + 0*a + 4*a - 38. Let b(f) = f**2 + 6*f + 13. Let v(h) = -17*b(h) - 6*w(h). Determine v(-6).
7
Let r(l) = 6 - 59*l - 6 - 12 + 61*l. Determine r(9).
6
Let b(q) = -4 + 0 + 7*q + 5 - q + 3*q. What is b(3)?
28
Let s(g) = 5*g**2 - 4*g + 4. Let b(t) = -t**2 + t - 1. Let n(c) = 9*b(c) + 2*s(c). Suppose 5 = -0*u + 5*u. Calculate n(u).
1
Let m(w) = -w. Let o(n) = 9*n**2 + 3*n + 1. Let a(y) = -5*m(y) - o(y). Let v be ((-2)/(-8))/(1/4). Calculate a(v).
-8
Let l(t) = 49*t**3 - t**2 - t + 1. Let r be l(1). Suppose -3*u - u = -r. Let k be 8/u + (-2)/(-6). Let n(x) = 9*x**3 + 1. Determine n(k).
10
Let h(p) = -p**3 - p + 1. Let l(u) be the first derivative of u**4 + 3*u**2/2 - 2*u - 4. Let f(y) = -2*h(y) - l(y). Calculate f(-1).
3
Suppose 7*y - 11 + 11 = 0. Suppose -3*q + 2*g - 2 = 0, -3*g = -5*q - g + 2. Let j(h) = -3 + 3 - q*h + y*h - 3 + 2*h**2. Give j(3).
9
Let z(h) be the third derivative of -h**4/24 + 5*h**3/2 - 434*h**2 - 2*h. Suppose 2*v + b - 19 = 0, -4*v + 2*b + 18 = -0*b. Determine z(v).
8
Suppose 9*v - 40 = v. Suppose 2*s - 2 = v*t - 8, 2*s + 3*t + 6 = 0. Let y(j) = -2*j**2 - j. Determine y(s).
-15
Let i(k) = -6*k**3 - 10*k**2 - 13*k - 47. Let v(o) = -o**3 - o - 12. Let y(w) = -i(w) + 5*v(w). Suppose 0 = -3*n + 4*h - 35, n + 0 + 17 = 4*h. Give y(n).
-4
Let p(z) be the first derivative of -7*z**2 - 2*z - 501. Give p(-3).
40
Let z(w) be the third derivative of w**5/60 + w**4/8 - 2*w**3/3 - 33*w**2. Determine z(-5).
6
Suppose -v - 4*c + 5 = 0, 5*v - 6*v + c = 5. Let u(l) = 2*l**2 + 7*l + 10. Determine u(v).
7
Let x(p) = 2*p - 6. Let f be -5*(-10)/(-325) + (-67)/(-13). Calculate x(f).
4
Let t(g) = -g**2 + 4*g + 1. Let b be (18 + -18)/(3 + (2 - 3)). Calculate t(b).
1
Let u(j) = 13*j**2 + 15*j - 7. Let b(r) = -2*r - 6. Let h = -1 + -5. Let c be b(h). Let a(w) = 7*w**2 + 8*w - 4. Let l(x) = c*u(x) - 11*a(x). What is l(-2)?
2
Suppose 0 = -2*f + 4*f - 3*t + 22, 4*f - t = -24. Let v = -9 + 11. Let a(s) = 0*s + s + 35*s**2 - 30*s**v + s**3. Calculate a(f).
-5
Let z(c) be the third derivative of c**4/6 + 11*c**3/3 - 646*c**2. Calculate z(-7).
-6
Let z(f) = -f**2 - 4*f + 5. Let h be (16/(-6))/(3*7/63). Let b be (-3)/(18/h)*-3. Give z(b).
5
Suppose l - 5*g + 1 = 0, -2*l - 4*g = -24 - 30. Suppose -23*x = -l*x. Let t(u) = -u + 5. Give t(x).
5
Let t(x) = x + 6. Let w be t(0). Let v(p) = -w*p - 3*p**2 + p + 2*p**2 + 8. Let m = 3 - 9. What is v(m)?
2
Let n(j) = -j - 11. Suppose -32 = 4*r + 24. Let w be n(r). Let y(c) = 1 + c - w + 0. What is y(0)?
-2
Let w(g) = -g - 4. Let p(n) = -n**3 - 15*n**2 + n + 18. Let o be p(-15). Suppose -4*l - 3*h + 2*h = 23, -o*h - 21 = 4*l. What is w(l)?
2
Let c(s) = s + 8. Let y(i) = 2*i + 19. Let g(x) = -5*c(x) + 2*y(x). What is g(-5)?
3
Suppose 0*d + d = 9. Let j be 15/10 + d/6. Let c(f) = -8*f + 4 + j + 15*f - 4 + f**2. Give c(-6).
-3
Let g(v) = -7*v**2 - 36*v + 21. Let u(m) = -4*m**2 - 19*m + 10. Let j(l) = -3*g(l) + 5*u(l). Give j(-14).
1
Let g(y) = 2*y + 3. Suppose 40 + 30 = -7*m. Let w be 22/(-8) - m/(-40). Calculate g(w).
-3
Let q(i) = -7*i + i**3 + i - 15*i**2 + 3 + 10*i**2. Suppose -2*b - 9 = -21. Give q(b).
3
Let k = -34 + 38. Suppose k*n - 2*n = 0. Let v(z) = z + 3. What is v(n)?
3
Let j(i) = -i + 2. Let y(z) = -5*z - 14. Let l be y(-8). Let m = l + -31. Give j(m).
7
Let f(g) = g**3 + 9*g**2 + 5*g - 3. Let j = 230 - 238. Give f(j).
21
Let q(t) = -t. Let p be (24/36)/(4/234). Let z(l) = -58 + 58 - p*l. Let m(n) = 52*q(n) - z(n). What is m(1)?
-13
Let f(p) be the third derivative of p**5/12 - p**4/12 - p**3/6 - 8*p**2 + 16*p. Give f(-1).
6
Suppose -c - 2*c = 3*v - 15, -4*c - 2*v + 16 = 0. Let x(l) = -6*l**2 + 4 + c*l + 14*l**2 - 7*l**2 + 6*l. Determine x(-6).
-14
Suppose -2*s + 2 = 4*y, -4*s = -3*s + 4*y + 3. Let z(h) = -h**2 + 2*h + 3. What is z(s)?
-12
Let p(t) = t**2 + 10*t + 6. Suppose -48*v + 51*v - 72 = 0. Suppose 0 = 7*k + v + 39. What is p(k)?
-3
Let c = 1 - -3. Let o(v) be the third derivative of -v**4/24 + v**3/3 + 329*v**2. What is o(c)?
-2
Let z(u) = -4*u - 14 + 3*u + 3*u. Let p be z(11). Let m = p - 12. Let s(b) = b**3 + 4*b**2 - 2*b - 5. What is s(m)?
3
Let m be 16/(-3) - (-20)/(-30). Let t(l) = 5*l**2 - 6*l + 4. Let v(o) = -2*o**2 + 3*o - 2. Let a(i) = -3*t(i) - 7*v(i). Determine a(m).
-16
Let c = 18 - 9. Let r(h) = -h**2 + 12*h - 27. Let f be r(c). Let i(u) = -u + 23. Determine i(f).
23
Let q(r) = r - 14. Let x be 138/(-4)*2/3. Let z = x + 35. Give q(z).
-2
Let l(k) = 3*k**2 - 4*k + 0*k**3 + 3*k - 1 + k**3 - 2*k**2. Let b(i) = -i**2 + 3*i + 12. Let g be b(5). Determine l(g).
9
Let a(n) = n. Let f(r) = 7*r - 69*r**2 + 2 + 68*r**2 + 2. Let m be f(7). Suppose 2*h = m*c - 4, h + c = -2*h + 15. Determine a(h).
4
Let s be (-6)/(-9)*(-351)/(-78). Let c(u) = 3*u + 5. Calculate c(s).
14
Let f(g) = -2 + 1 + g + 0*g. Let o = -25 + 39. Suppose o*j = 9*j + 20. Determine f(j).
3
Suppose 157 = -j + 156. Let r(g) = g**3 + 2*g**2 + g - 1. What is r(j)?
-1
Let x(l) = -l**2 - 10*l**3 + 5417 - 24*l**3 - 5417. Determine x(-1).
33
Suppose -19*s + 28 + 48 = 0. Let q(c) = 1 - 6 + c + 3. Determine q(s).
2
Let w(c) be the third derivative of -c**5/15 + 5*c**4/12 - 2*c**3/3 + 10*c**2. Let f(s) = 3*s**2 - 9*s + 5. Let z(i) = -3*f(i) - 2*w(i). Determine z(6).
-1
Suppose 0 = 23*q - 13*q + 1610. Let t = -159 - q. Let f(d) be the third derivative of d**6/120 - d**5/60 - d**4/8 + d**3/6 - d**2. Calculate f(t).
-1
Let d(y) = -y - 2. Suppose 6*v = 3*v. Suppose 2*q + v*q = -224. Let n be (-8)/36 - q/18. Calculate d(n).
-8
Let y(d) = 5*d + 3. Let t(j) = -4*j - 3. Suppose -4*g + 2*g - s = -12, -s = 3*g - 18. Let n(o) = g*t(o) + 4*y(o). Calculate n(-4).
10
Suppose 5*j - 11 = 29. Let i(c) = c**2 - 5*c - 7. What is i(j)?
17
Let j(t) = -t + 1. Let r(u) = 5. Let a(s) = -4*j(s) + r(s). Suppose -5*x - 42 = 3*h, 18 = -8*x + 3*x + 3*h. Let c be ((-1)/(-2))/(3/x). What is a(c)?
-3
Let t(z) = 44*z - 22. Let p(o) = -22*o + 12. Let v(y) = -11*p(y) - 6*t(y). Determine v(2).
-44
Suppose 4*s - 53 = 3*z, 5*s + 41*z = 40*z + 33. Let n(t) be the first derivative of -t**2/2 + 2*t - 1. Determine n(s).
-6
Let l(v) = -v**3 + 6*v**2 - 2*v - 2. Let q = 56 - 50. Calculate l(q).
-14
Let j(n) = -n**2 + n - 1. Let r(t) = 7*t**2 - 11*t + 2. Let i(p) = -6*j(p) - r(p). Suppose 0 = -3*b - b + 80. Let u = b + -14. Calculate i(u).
-2
Let z = 1400 + -1406. Let t(i) = -i**2 - 7*i + 6. Calculate t(z).
12
Let x(l) = 2*l + 52. Let f be x(-24). Let o(z) = -z + 4. Determine o(f).
0
Let z(d) be the third derivative of 0*d + 7*d**2 + 1/24*d**4 + 1/3*d**3 + 0. Give z(0).
2
Let v(i) = -i + 3. Suppose -5*t - 3*n + 29 = 0, -33 = -5*t - n - 10. Suppose 0 = -3*z + 5*z - t. Suppose 0 = -z*d + 5*d - 18. Calculate v(d).
-3
Let h(n) = 9*n - 9. Let o(q) = 2*q - 1. Let r(w) = -h(w) + 4*o(w). Calculate r(-5).
10
Let o(g) be the first derivative of -g**6/360 + g**5/30 - 13*g**3/3 + 30. Let a(q) be the third derivative of o(q). Give a(6).
-12
Let d(t) = t - 4. Suppose -21 = q - 27. Let j be d(q). Suppose 0 = -4*x + j*x. Let b(n) = n**2 - n + 11. What is b(x)?
11
Let z(v) = -v**3 - 3*v**2 + 3*v - 1. Let g = -1044 - -1040. What is z(g)?
3
Let j(g) be the third derivative of -g**6/360 - 7*g**5/120 - 5*g**4/24 - 2*g**3/3 - 9*g**2 + 1. Let q(u) be the first derivative of j(u). Give q(-4).
7
Let g(f) = 2*f**3 + 14*f**2 - 19*f - 24. Let q be g(-8). Let s(z) = -z**3 + z**2 - z - 6. Calculate s(q).
-6
Let w(m) be the first derivative of -m**4/4 + 8*m + 16. Let k(f) = f + 2 - 4 + 5. Let c be k(-3). What is w(c)?
8
Let s be (-1 - 1)*(-7)/2. Let r(a) = -4*a**2 - 22*a - 9. Let z be r(-5). Let x(f) = 8 - s - z + 8*f. Give x(1).
8
Let c(g) be the second derivative of -g**3/3 + 4*g**2 + 14*g. Give c(4).
0
Let x(w) be the third derivative of -w**6/120 + w**5/15 + w**4/6 - 5*w**3/6 + 26*w**2 + 4. Calculate x(4).
11
Let m(z) = -z**2 + 6*z - 7. Let u(v) = -v**2 - v + 5. Let p be u(0). Suppose -1 = -p*y + 9. Suppose 0 = y*i - 0*i - 10. Determine m(i).
-2
Let r(g) = 18*g + 42. Let y be r(-3). Let s(j) = -j**2 - 13*j + 1. What is s(y)?
13
Let m(i) = -i + 7. Let w(o) = -4*o**2 - 67*o + 14. Let r be w(-17). Determine m(r).
10
Let o be -3 + 2 - (0/(-4))/3. Let s(f) = -3*f**2. Give s(o).
-3
Suppose 0*y -